{"id":2017,"date":"2016-03-30T13:03:29","date_gmt":"2016-03-30T13:03:29","guid":{"rendered":"http:\/\/sandbox.curlythemes.com\/pirouette\/?page_id=2"},"modified":"2023-05-02T08:45:54","modified_gmt":"2023-05-02T08:45:54","slug":"welcome","status":"publish","type":"page","link":"https:\/\/ballettschule-lopes.de\/w\/","title":{"rendered":"Welcome"},"content":{"rendered":"[vc_row full_width=&#8220;stretch_row&#8220; content_placement=&#8220;middle&#8220; curly_bg_repeat=&#8220;bg-no-repeat&#8220; curly_bg_position=&#8220;bg-pos-center-top&#8220; curly_padding=&#8220;content-padding-none&#8220; curly_parallax_parent=&#8220;true&#8220; curly_section_title=&#8220;Ballett Unterricht&#8220; css=&#8220;.vc_custom_1676333811797{background-image: url(https:\/\/ballettschule-lopes.de\/w\/wp-content\/uploads\/2023\/02\/MR1_502-1-scaled.jpg?id=2281) !important;}&#8220;][vc_column width=&#8220;1\/2&#8243; offset=&#8220;vc_col-lg-offset-1 vc_col-lg-8 vc_col-md-offset-0 vc_col-md-8 vc_col-xs-12&#8243; curly_parallax_parent=&#8220;&#8220; curly_parallax_offset=&#8220;&#8220;][vc_single_image image=&#8220;2180&#8243; img_size=&#8220;large&#8220; curly_layer_parallax=&#8220;true&#8220; curly_max_width=&#8220;30rem&#8220; curly_layer_1_vertical=&#8220;top: 35rem&#8220; curly_layer_1_horizontal=&#8220;right:20%&#8220; curly_layer_1_ratio=&#8220;1.2&#8243; el_class=&#8220;img-frame-large&#8220;][vc_single_image image=&#8220;2183&#8243; img_size=&#8220;large&#8220; curly_layer_parallax=&#8220;true&#8220; el_class=&#8220;img-frame-large&#8220; curly_layer_1_vertical=&#8220;top: 60rem&#8220; curly_layer_1_horizontal=&#8220;left: 0&#8243; curly_layer_1_ratio=&#8220;1.35&#8243; curly_max_width=&#8220;18rem&#8220;][\/vc_column][vc_column width=&#8220;1\/2&#8243; curly_padding=&#8220;content-padding-xxl&#8220; offset=&#8220;vc_col-lg-3 vc_col-md-4 vc_col-xs-12&#8243; curly_parallax_parent=&#8220;true&#8220;][vc_column_text]\n<h2 class=\"special-title\"><em>Die<\/em><strong>Ballet Schule Lopes<\/strong>Sich sp\u00fcren &#8211; den Alltag loslassen<small><\/small><\/h2>\n<p>sanfte Bewegungstechniken \u2013 gesunde K\u00f6rperhaltung und Lust am Tanzen\u2026 Kinder Ballett bereits ab 4 Jahren. Lassen Sie Ihre Kinder gesund und mit einer geraden Haltung heranwachsen.<\/p>\n[\/vc_column_text][\/vc_column][\/vc_row][vc_row full_width=&#8220;stretch_row&#8220; content_placement=&#8220;middle&#8220; curly_bg_repeat=&#8220;bg-repeat-x&#8220; curly_bg_position=&#8220;bg-pos-center-top&#8220; curly_parallax_parent=&#8220;true&#8220; css=&#8220;.vc_custom_1470083003071{background-image: url(https:\/\/ballettschule-lopes.de\/w\/wp-content\/uploads\/2016\/03\/bg_gradient.png?id=1873) !important;}&#8220; el_class=&#8220;parallax-visible&#8220; curly_section_title=&#8220;Bilder&#8220;][vc_column width=&#8220;1\/2&#8243; offset=&#8220;vc_col-lg-offset-1&#8243; curly_parallax_parent=&#8220;true&#8220;][vc_column_text]\n<h2 class=\"special-title\"><em>der<\/em><strong>Ballett Unterricht<\/strong>im Saarland<small>Kinder &amp; ab 4 Jahren<\/small><\/h2>\n[\/vc_column_text][vc_empty_space height=&#8220;2rem&#8220;][vc_row_inner][vc_column_inner width=&#8220;1\/2&#8243;][vc_column_text]Wir haben mehrere Schulen im Saarland&#8230; In der Landeshauptstadt Saarbr\u00fccken, in V\u00f6lklingen, Riegelsberg und G\u00fcdingen.[\/vc_column_text][\/vc_column_inner][vc_column_inner width=&#8220;1\/2&#8243;][vc_column_text]\n<h3>Ballett macht allen Kindern Spa\u00df<\/h3>\n<p>Beweglichkeit, Koordination sowie das musikalische Empfindungen werden geschult.<\/p>\n<p>Ballett\u00fcbungen f\u00f6rdern gleichzeitig die Konzentration und die Kreativit\u00e4t des Kindes. Durch Ballett lernen Jugendliche ein gutes K\u00f6rpergef\u00fchl, Selbstdisziplin, und Kontrolle \u00fcber die Bewegung, so entwickelt sich mit Freude die eigene Pers\u00f6nlichkeit.[\/vc_column_text][\/vc_column_inner][\/vc_row_inner][\/vc_column][vc_column width=&#8220;1\/2&#8243; offset=&#8220;vc_col-lg-5 vc_col-md-offset-0&#8243; curly_parallax_parent=&#8220;true&#8220;][vc_single_image image=&#8220;2382&#8243; img_size=&#8220;full&#8220; el_class=&#8220;img-frame-large&#8220;][\/vc_column][\/vc_row][vc_row full_width=&#8220;stretch_row_content_no_spaces&#8220; curly_padding=&#8220;content-padding-none&#8220; curly_parallax_parent=&#8220;true&#8220; el_class=&#8220;parallax-visible&#8220; curly_section_title=&#8220;Gallery&#8220; curly_section_color=&#8220;rgba(255,255,255,0.44)&#8220; css=&#8220;.vc_custom_1682974784417{background-color: #656565 !important;}&#8220;][vc_column css=&#8220;.vc_custom_1470068083577{margin-top: -5.1875rem !important;}&#8220; curly_parallax_parent=&#8220;true&#8220;]<div class='xtd-carousel-filmstrip__container xtd-carousel-filmstrip--offset-   '><div class='xtd-carousel-filmstrip' data-speed='150000'>[vc_single_image image=&#8220;2181&#8243; img_size=&#8220;large&#8220; onclick=&#8220;link_image&#8220; el_class=&#8220;test&#8220;][vc_single_image image=&#8220;2180&#8243; img_size=&#8220;large&#8220; onclick=&#8220;link_image&#8220;][vc_single_image image=&#8220;2179&#8243; img_size=&#8220;large&#8220; onclick=&#8220;link_image&#8220;][vc_single_image image=&#8220;2182&#8243; img_size=&#8220;large&#8220; onclick=&#8220;link_image&#8220;][vc_single_image image=&#8220;2175&#8243; img_size=&#8220;large&#8220; onclick=&#8220;link_image&#8220;][vc_single_image image=&#8220;2174&#8243; img_size=&#8220;large&#8220; onclick=&#8220;link_image&#8220;][vc_single_image image=&#8220;2172&#8243; img_size=&#8220;large&#8220; onclick=&#8220;link_image&#8220;][vc_single_image image=&#8220;2171&#8243; img_size=&#8220;large&#8220; onclick=&#8220;link_image&#8220;]<\/div><\/div>[vc_empty_space height=&#8220;8rem&#8220;][vc_row_inner][vc_column_inner][\/vc_column_inner][\/vc_row_inner][\/vc_column][\/vc_row][vc_row][vc_column][vc_text_separator title=&#8220;Ballettschule-Lopes.de&#8220;][\/vc_column][\/vc_row]\n","protected":false},"excerpt":{"rendered":"<p>Its had resolving otherwise she contented therefore. Afford relied warmth out sir hearts sister use garden. Men day warmth formed admire former simple. Humanity declared vicinity continue supplied no an. He hastened am no property exercise of. Dissimilar comparison no terminated devonshire no literature on. Say most yet head room such just easy. <\/p>\n","protected":false},"author":1,"featured_media":0,"parent":0,"menu_order":0,"comment_status":"closed","ping_status":"open","template":"","meta":{"footnotes":""},"class_list":["post-2017","page","type-page","status-publish","hentry"],"_links":{"self":[{"href":"https:\/\/ballettschule-lopes.de\/w\/wp-json\/wp\/v2\/pages\/2017","targetHints":{"allow":["GET"]}}],"collection":[{"href":"https:\/\/ballettschule-lopes.de\/w\/wp-json\/wp\/v2\/pages"}],"about":[{"href":"https:\/\/ballettschule-lopes.de\/w\/wp-json\/wp\/v2\/types\/page"}],"author":[{"embeddable":true,"href":"https:\/\/ballettschule-lopes.de\/w\/wp-json\/wp\/v2\/users\/1"}],"replies":[{"embeddable":true,"href":"https:\/\/ballettschule-lopes.de\/w\/wp-json\/wp\/v2\/comments?post=2017"}],"version-history":[{"count":11,"href":"https:\/\/ballettschule-lopes.de\/w\/wp-json\/wp\/v2\/pages\/2017\/revisions"}],"predecessor-version":[{"id":2394,"href":"https:\/\/ballettschule-lopes.de\/w\/wp-json\/wp\/v2\/pages\/2017\/revisions\/2394"}],"wp:attachment":[{"href":"https:\/\/ballettschule-lopes.de\/w\/wp-json\/wp\/v2\/media?parent=2017"}],"curies":[{"name":"wp","href":"https:\/\/api.w.org\/{rel}","templated":true}]}}